{"id":3,"date":"2020-03-26T10:15:57","date_gmt":"2020-03-26T09:15:57","guid":{"rendered":"http:\/\/www.plandaten.de\/chronofiles\/?page_id=3"},"modified":"2024-04-27T13:31:27","modified_gmt":"2024-04-27T11:31:27","slug":"datenschutzerklaerung","status":"publish","type":"page","link":"https:\/\/www.plandaten.de\/chronofiles\/datenschutzerklaerung\/","title":{"rendered":"Datenschutzerkl\u00e4rung"},"content":{"rendered":"\n<h3 class=\"wp-block-heading\">Grundlegendes<\/h3>\n\n\n\n<p>Diese Datenschutzerkl\u00e4rung soll die Nutzer dieser Webseite \u00fcber die Art, den Umfang und den Zweck der Erhebung und Verwendung personenbezogener Daten durch den Webseitenbetreiber <strong>Harald Brosi<\/strong> informieren.<\/p>\n\n\n\n<p>Der Webseitenbetreiber nimmt Ihren Datenschutz sehr ernst und behandelt Ihre personenbezogenen Daten vertraulich und entsprechend der gesetzlichen Vorschriften. Da durch neue Technologien und die st\u00e4ndige Weiterentwicklung dieser Webseite \u00c4nderungen an dieser Datenschutzerkl\u00e4rung vorgenommen werden k\u00f6nnen, empfehlen wir Ihnen sich die Datenschutzerkl\u00e4rung in regelm\u00e4\u00dfigen Abst\u00e4nden wieder durchzulesen.<\/p>\n\n\n\n<p>Definitionen der verwendeten Begriffe (z.B. \u201cpersonenbezogene Daten\u201d oder \u201cVerarbeitung\u201d) finden Sie in Art. 4 DSGVO.<\/p>\n\n\n\n<h3 class=\"wp-block-heading\">Zugriffsdaten, Verarbeitung durch unsere Webhoster<\/h3>\n\n\n\n<p>Unser Webhoster (netbeat.de), der unsere Website, unseren Blog und die zugeh\u00f6rige WordPress -Installation innerhalb der EU beherbergt, erhebt  aufgrund seines berechtigten Interesses (s. Art. 6 Abs. 1 lit. f. DSGVO) Daten \u00fcber Zugriffe auf die Website wie die IP-Adressen der Besucher und weitere Zugriffsdaten in sogenannten Server-logs f\u00fcr einen Zeitraum von 10 Tagen, die Auswertung der Log-Daten \u00fcber webalizer oder awstats wird anonymisiert.  Alle gelisteten IP werden nach dem Erstellen der Statistik so ver\u00e4ndert, dass eine personenbezogene Zuordnung nicht mehr m\u00f6glich ist. Es werden ggf. weitere technische Daten zur Verbesserung der Services erhoben (z. B. Internetbrowser, Betriebssystem oder Datum und Uhrzeit des Seitenaufrufs). Eine Zusammenf\u00fchrung dieser Daten mit anderen Datenquellen wird nicht vorgenommen. <strong>Der Webseitenbetreiber hat keinen Zugriff auf, und keinen Einfluss auf die Erhebung <strong>dieser Daten.<\/strong><\/strong><\/p>\n\n\n\n<p>Um die datenschutzkonforme Verarbeitung zu gew\u00e4hrleisten, haben wir einen Vertrag \u00fcber Auftragsverarbeitung mit unserem Hoster geschlossen.<\/p>\n\n\n\n<h3 class=\"wp-block-heading\">Welche personenbezogenen Daten wir sammeln und warum wir sie sammeln<\/h3>\n\n\n\n<h4 class=\"wp-block-heading\">Kommentare<\/h4>\n\n\n\n<p>Wenn registrierte Besucher Kommentare auf der Website schreiben, speichern wir die Daten, die im Kommentar-Formular angezeigt werden, au\u00dferdem die IP-Adresse des Besuchers und den User-Agent-String (damit wird der Browser identifiziert), um die Erkennung von Spam zu unterst\u00fctzen.<\/p>\n\n\n\n<p>Den Gravatar-Dienst haben wir nicht aktiviert es werden deshalb auch keine Daten \u00fcbergeben. Nachdem Ihr Kommentar freigegeben wurde, ist Ihr Profilbild (sofern angegeben) \u00f6ffentlich im Kontext Ihres Kommentars sichtbar. Wir behalten uns vor unangemessene Kommentare jederzeit, ohne Ank\u00fcndigung zu l\u00f6schen.<\/p>\n\n\n\n<h4 class=\"wp-block-heading\">Medien<\/h4>\n\n\n\n<p>Wenn Sie Bilder auf diese Website laden, sollten Sie vermeiden, Fotos mit einem EXIF-GPS-Standort hochzuladen. Besucher dieser Website k\u00f6nnten Fotos, die auf dieser Website gespeichert sind, herunterladen und deren Standort-Informationen extrahieren.<\/p>\n\n\n\n<h4 class=\"wp-block-heading\">Cookies<\/h4>\n\n\n\n<p>Zu Ihrer eigenen Sicherheit empfehlen wir in Ihrem Browser regelm\u00e4ssig die Website- und Verlaufsdaten zu l\u00f6schen. Auch die von uns benutzten, nachfolgend n\u00e4her beschriebenen Cookies werden damit entfernt.<\/p>\n\n\n\n<p>Wenn Sie einen Kommentar auf unserer Website schreiben, kann das eine Einwilligung sein, Ihren Namen, E-Mail-Adresse und Website in Cookies zu speichern. Dies ist eine Komfortfunktion, damit Sie nicht, wenn Sie einen weiteren Kommentar schreiben, all diese Daten erneut eingeben m\u00fcssen. Diese Cookies werden ein Jahr lang gespeichert.<\/p>\n\n\n\n<p>Ansonsten verwenden wir bei Ihrem Besuch auf der Website ausschliesslich technisch notwendige Cookies, die nach 1 Stunde wieder gel\u00f6scht werden.<\/p>\n\n\n\n<h4 class=\"wp-block-heading\">Eingebettete Inhalte von anderen Websites<\/h4>\n\n\n\n<p>Beitr\u00e4ge auf dieser Website k\u00f6nnen eingebettete Inhalte beinhalten (z.&nbsp;B. Videos, Bilder, Beitr\u00e4ge etc.). Eingebettete Inhalte von anderen Websites verhalten sich exakt so, als ob der Besucher die andere Website besucht h\u00e4tte.<\/p>\n\n\n\n<p>Diese Websites k\u00f6nnen Daten \u00fcber Sie sammeln, Cookies benutzen, zus\u00e4tzliche Tracking-Dienste von Dritten einbetten und Ihre Interaktion mit diesem eingebetteten Inhalt aufzeichnen, inklusive Ihrer Interaktion mit dem eingebetteten Inhalt, falls Sie ein Konto haben und auf dieser Website angemeldet sind.<\/p>\n\n\n\n<h4 class=\"wp-block-heading\">Erfassung und Verarbeitung personenbezogener Daten, Kontaktformular<\/h4>\n\n\n\n<p>Der Webseitenbetreiber erhebt, nutzt und gibt Ihre personenbezogenen Daten nur dann weiter, wenn dies im gesetzlichen Rahmen erlaubt ist oder Sie in die Datenerhebung einwilligen.<\/p>\n\n\n\n<p>Als personenbezogene Daten gelten s\u00e4mtliche Informationen, welche dazu dienen, Ihre Person zu bestimmen und welche zu Ihnen zur\u00fcckverfolgt werden k\u00f6nnen \u2013 also beispielsweise Ihr Name, Ihre E-Mail-Adresse und Telefonnummer.<\/p>\n\n\n\n<p><strong>Diese Website k\u00f6nnen Sie jederzeit ohne Anmeldung besuchen und unseren Blog lesen, ohne Angaben zu Ihrer Person zu machen. Ihr Besuch ist dann vollst\u00e4ndig anonym.<\/strong> Lediglich f\u00fcr den vollen Zugriff auf unser Online-Angebot (Alle Blogartikel, Downloads) m\u00fcssen Sie sich vorher registrieren und anmelden.<\/p>\n\n\n\n<h4 class=\"wp-block-heading\">Analysedienste<\/h4>\n\n\n\n<p>Wir benutzen keine Analysedienste. Wir z\u00e4hlen selbst mittels php Besuche, Seitenaufrufe und Dateidownloads ohne daf\u00fcr Cookies zu setzen. IP Adressen werden anonymisiert. Ihr Besuch wird nicht getrackt.<\/p>\n\n\n\n<h4 class=\"wp-block-heading\">Social-Media-Plugins<\/h4>\n\n\n\n<p>Wir verwenden keine Plugins f\u00fcr die sogenannten sozialen Medien.<\/p>\n\n\n\n<h3 class=\"wp-block-heading\">Wie lange wir Ihre Daten speichern<\/h3>\n\n\n\n<p>Wenn Sie einen Kommentar schreiben, wird dieser inklusive Metadaten zeitlich unbegrenzt gespeichert. Auf diese Art k\u00f6nnen wir Folgekommentare automatisch erkennen und freigeben, anstelle sie in einer Moderations-Warteschlange festzuhalten.<\/p>\n\n\n\n<p>Administratoren und Autoren der Website k\u00f6nnen diese Informationen ebenfalls einsehen, ver\u00e4ndern und l\u00f6schen.<\/p>\n\n\n\n<h3 class=\"wp-block-heading\">Wohin wir Ihre Daten senden<\/h3>\n\n\n\n<p>Besucher-Kommentare k\u00f6nnten von einem automatisierten Dienst zur Spam-Erkennung untersucht werden.<\/p>\n\n\n\n<h3 class=\"wp-block-heading\">Ihre Rechte als Nutzer<\/h3>\n\n\n\n<p>Sie haben als Nutzer das Recht, auf Antrag eine kostenlose Auskunft dar\u00fcber zu erhalten, welche personenbezogenen Daten \u00fcber Sie gespeichert wurden. Sie haben au\u00dferdem das Recht auf Berichtigung falscher Daten und auf die Verarbeitungseinschr\u00e4nkung oder L\u00f6schung Ihrer personenbezogenen Daten. Falls zutreffend, k\u00f6nnen Sie auch Ihr Recht auf Datenportabilit\u00e4t geltend machen. Sollten Sie annehmen, dass Ihre Daten unrechtm\u00e4\u00dfig verarbeitet wurden, k\u00f6nnen Sie eine Beschwerde bei der zust\u00e4ndigen Aufsichtsbeh\u00f6rde einreichen.<\/p>\n\n\n\n<h4 class=\"wp-block-heading\">L\u00f6schung von Daten<\/h4>\n\n\n\n<p>Sofern Ihr Wunsch nicht mit einer gesetzlichen Pflicht zur Aufbewahrung von Daten (z. B. Vorratsdatenspeicherung) kollidiert, haben Sie ein Anrecht auf L\u00f6schung Ihrer Daten. Von uns gespeicherte Daten werden, sollten sie f\u00fcr ihre Zweckbestimmung nicht mehr vonn\u00f6ten sein und es keine gesetzlichen Aufbewahrungsfristen geben, gel\u00f6scht. Falls eine L\u00f6schung nicht durchgef\u00fchrt werden kann, da die Daten f\u00fcr zul\u00e4ssige gesetzliche Zwecke erforderlich sind, erfolgt eine Einschr\u00e4nkung der Datenverarbeitung. In diesem Fall werden die Daten gesperrt und nicht f\u00fcr andere Zwecke verarbeitet.<\/p>\n\n\n\n<h4 class=\"wp-block-heading\">Widerspruchsrecht<\/h4>\n\n\n\n<p>Nutzer dieser Webseite k\u00f6nnen von ihrem Widerspruchsrecht Gebrauch machen und der Verarbeitung ihrer personenbezogenen Daten zu jeder Zeit widersprechen.<\/p>\n\n\n\n<p>Wenn Sie eine Berichtigung, Sperrung, L\u00f6schung oder Auskunft \u00fcber die zu Ihrer Person gespeicherten personenbezogenen Daten w\u00fcnschen oder Fragen bzgl. der Erhebung, Verarbeitung oder Verwendung Ihrer personenbezogenen Daten haben oder erteilte Einwilligungen widerrufen m\u00f6chten, wenden Sie sich bitte an folgende E-Mail-Adresse: info@sun-box.de<\/p>\n","protected":false},"excerpt":{"rendered":"<p>Grundlegendes Diese Datenschutzerkl\u00e4rung soll die Nutzer dieser Webseite \u00fcber die Art, den Umfang und den Zweck der Erhebung und Verwendung personenbezogener Daten durch den Webseitenbetreiber Harald Brosi informieren. Der Webseitenbetreiber nimmt Ihren Datenschutz sehr ernst und behandelt Ihre personenbezogenen Daten vertraulich und entsprechend der gesetzlichen Vorschriften. Da durch neue Technologien und die st\u00e4ndige Weiterentwicklung dieser&#8230; <a class=\"more-link\" href=\"https:\/\/www.plandaten.de\/chronofiles\/datenschutzerklaerung\/\">[&#8230;]<\/a><\/p>\n","protected":false},"author":1,"featured_media":0,"parent":0,"menu_order":0,"comment_status":"closed","ping_status":"open","template":"","meta":[],"_links":{"self":[{"href":"https:\/\/www.plandaten.de\/chronofiles\/wp-json\/wp\/v2\/pages\/3"}],"collection":[{"href":"https:\/\/www.plandaten.de\/chronofiles\/wp-json\/wp\/v2\/pages"}],"about":[{"href":"https:\/\/www.plandaten.de\/chronofiles\/wp-json\/wp\/v2\/types\/page"}],"author":[{"embeddable":true,"href":"https:\/\/www.plandaten.de\/chronofiles\/wp-json\/wp\/v2\/users\/1"}],"replies":[{"embeddable":true,"href":"https:\/\/www.plandaten.de\/chronofiles\/wp-json\/wp\/v2\/comments?post=3"}],"version-history":[{"count":7,"href":"https:\/\/www.plandaten.de\/chronofiles\/wp-json\/wp\/v2\/pages\/3\/revisions"}],"predecessor-version":[{"id":856,"href":"https:\/\/www.plandaten.de\/chronofiles\/wp-json\/wp\/v2\/pages\/3\/revisions\/856"}],"wp:attachment":[{"href":"https:\/\/www.plandaten.de\/chronofiles\/wp-json\/wp\/v2\/media?parent=3"}],"curies":[{"name":"wp","href":"https:\/\/api.w.org\/{rel}","templated":true}]}}

Datenschutzerklärung

<h3 class="wp-block-heading">Grundlegendes</h3>



<p>Diese Datenschutzerklärung soll die Nutzer dieser Webseite über die Art, den Umfang und den Zweck der Erhebung und Verwendung personenbezogener Daten durch den Webseitenbetreiber <strong>Harald Brosi</strong> informieren.</p>



<p>Der Webseitenbetreiber nimmt Ihren Datenschutz sehr ernst und behandelt Ihre personenbezogenen Daten vertraulich und entsprechend der gesetzlichen Vorschriften. Da durch neue Technologien und die ständige Weiterentwicklung dieser Webseite Änderungen an dieser Datenschutzerklärung vorgenommen werden können, empfehlen wir Ihnen sich die Datenschutzerklärung in regelmäßigen Abständen wieder durchzulesen.</p>



<p>Definitionen der verwendeten Begriffe (z.B. “personenbezogene Daten” oder “Verarbeitung”) finden Sie in Art. 4 DSGVO.</p>



<h3 class="wp-block-heading">Zugriffsdaten, Verarbeitung durch unsere Webhoster</h3>



<p>Unser Webhoster (netbeat.de), der unsere Website, unseren Blog und die zugehörige WordPress -Installation innerhalb der EU beherbergt, erhebt  aufgrund seines berechtigten Interesses (s. Art. 6 Abs. 1 lit. f. DSGVO) Daten über Zugriffe auf die Website wie die IP-Adressen der Besucher und weitere Zugriffsdaten in sogenannten Server-logs für einen Zeitraum von 10 Tagen, die Auswertung der Log-Daten über webalizer oder awstats wird anonymisiert.  Alle gelisteten IP werden nach dem Erstellen der Statistik so verändert, dass eine personenbezogene Zuordnung nicht mehr möglich ist. Es werden ggf. weitere technische Daten zur Verbesserung der Services erhoben (z. B. Internetbrowser, Betriebssystem oder Datum und Uhrzeit des Seitenaufrufs). Eine Zusammenführung dieser Daten mit anderen Datenquellen wird nicht vorgenommen. <strong>Der Webseitenbetreiber hat keinen Zugriff auf, und keinen Einfluss auf die Erhebung <strong>dieser Daten.</strong></strong></p>



<p>Um die datenschutzkonforme Verarbeitung zu gewährleisten, haben wir einen Vertrag über Auftragsverarbeitung mit unserem Hoster geschlossen.</p>



<h3 class="wp-block-heading">Welche personenbezogenen Daten wir sammeln und warum wir sie sammeln</h3>



<h4 class="wp-block-heading">Kommentare</h4>



<p>Wenn registrierte Besucher Kommentare auf der Website schreiben, speichern wir die Daten, die im Kommentar-Formular angezeigt werden, außerdem die IP-Adresse des Besuchers und den User-Agent-String (damit wird der Browser identifiziert), um die Erkennung von Spam zu unterstützen.</p>



<p>Den Gravatar-Dienst haben wir nicht aktiviert es werden deshalb auch keine Daten übergeben. Nachdem Ihr Kommentar freigegeben wurde, ist Ihr Profilbild (sofern angegeben) öffentlich im Kontext Ihres Kommentars sichtbar. Wir behalten uns vor unangemessene Kommentare jederzeit, ohne Ankündigung zu löschen.</p>



<h4 class="wp-block-heading">Medien</h4>



<p>Wenn Sie Bilder auf diese Website laden, sollten Sie vermeiden, Fotos mit einem EXIF-GPS-Standort hochzuladen. Besucher dieser Website könnten Fotos, die auf dieser Website gespeichert sind, herunterladen und deren Standort-Informationen extrahieren.</p>



<h4 class="wp-block-heading">Cookies</h4>



<p>Zu Ihrer eigenen Sicherheit empfehlen wir in Ihrem Browser regelmässig die Website- und Verlaufsdaten zu löschen. Auch die von uns benutzten, nachfolgend näher beschriebenen Cookies werden damit entfernt.</p>



<p>Wenn Sie einen Kommentar auf unserer Website schreiben, kann das eine Einwilligung sein, Ihren Namen, E-Mail-Adresse und Website in Cookies zu speichern. Dies ist eine Komfortfunktion, damit Sie nicht, wenn Sie einen weiteren Kommentar schreiben, all diese Daten erneut eingeben müssen. Diese Cookies werden ein Jahr lang gespeichert.</p>



<p>Ansonsten verwenden wir bei Ihrem Besuch auf der Website ausschliesslich technisch notwendige Cookies, die nach 1 Stunde wieder gelöscht werden.</p>



<h4 class="wp-block-heading">Eingebettete Inhalte von anderen Websites</h4>



<p>Beiträge auf dieser Website können eingebettete Inhalte beinhalten (z.&nbsp;B. Videos, Bilder, Beiträge etc.). Eingebettete Inhalte von anderen Websites verhalten sich exakt so, als ob der Besucher die andere Website besucht hätte.</p>



<p>Diese Websites können Daten über Sie sammeln, Cookies benutzen, zusätzliche Tracking-Dienste von Dritten einbetten und Ihre Interaktion mit diesem eingebetteten Inhalt aufzeichnen, inklusive Ihrer Interaktion mit dem eingebetteten Inhalt, falls Sie ein Konto haben und auf dieser Website angemeldet sind.</p>



<h4 class="wp-block-heading">Erfassung und Verarbeitung personenbezogener Daten, Kontaktformular</h4>



<p>Der Webseitenbetreiber erhebt, nutzt und gibt Ihre personenbezogenen Daten nur dann weiter, wenn dies im gesetzlichen Rahmen erlaubt ist oder Sie in die Datenerhebung einwilligen.</p>



<p>Als personenbezogene Daten gelten sämtliche Informationen, welche dazu dienen, Ihre Person zu bestimmen und welche zu Ihnen zurückverfolgt werden können – also beispielsweise Ihr Name, Ihre E-Mail-Adresse und Telefonnummer.</p>



<p><strong>Diese Website können Sie jederzeit ohne Anmeldung besuchen und unseren Blog lesen, ohne Angaben zu Ihrer Person zu machen. Ihr Besuch ist dann vollständig anonym.</strong> Lediglich für den vollen Zugriff auf unser Online-Angebot (Alle Blogartikel, Downloads) müssen Sie sich vorher registrieren und anmelden.</p>



<h4 class="wp-block-heading">Analysedienste</h4>



<p>Wir benutzen keine Analysedienste. Wir zählen selbst mittels php Besuche, Seitenaufrufe und Dateidownloads ohne dafür Cookies zu setzen. IP Adressen werden anonymisiert. Ihr Besuch wird nicht getrackt.</p>



<h4 class="wp-block-heading">Social-Media-Plugins</h4>



<p>Wir verwenden keine Plugins für die sogenannten sozialen Medien.</p>



<h3 class="wp-block-heading">Wie lange wir Ihre Daten speichern</h3>



<p>Wenn Sie einen Kommentar schreiben, wird dieser inklusive Metadaten zeitlich unbegrenzt gespeichert. Auf diese Art können wir Folgekommentare automatisch erkennen und freigeben, anstelle sie in einer Moderations-Warteschlange festzuhalten.</p>



<p>Administratoren und Autoren der Website können diese Informationen ebenfalls einsehen, verändern und löschen.</p>



<h3 class="wp-block-heading">Wohin wir Ihre Daten senden</h3>



<p>Besucher-Kommentare könnten von einem automatisierten Dienst zur Spam-Erkennung untersucht werden.</p>



<h3 class="wp-block-heading">Ihre Rechte als Nutzer</h3>



<p>Sie haben als Nutzer das Recht, auf Antrag eine kostenlose Auskunft darüber zu erhalten, welche personenbezogenen Daten über Sie gespeichert wurden. Sie haben außerdem das Recht auf Berichtigung falscher Daten und auf die Verarbeitungseinschränkung oder Löschung Ihrer personenbezogenen Daten. Falls zutreffend, können Sie auch Ihr Recht auf Datenportabilität geltend machen. Sollten Sie annehmen, dass Ihre Daten unrechtmäßig verarbeitet wurden, können Sie eine Beschwerde bei der zuständigen Aufsichtsbehörde einreichen.</p>



<h4 class="wp-block-heading">Löschung von Daten</h4>



<p>Sofern Ihr Wunsch nicht mit einer gesetzlichen Pflicht zur Aufbewahrung von Daten (z. B. Vorratsdatenspeicherung) kollidiert, haben Sie ein Anrecht auf Löschung Ihrer Daten. Von uns gespeicherte Daten werden, sollten sie für ihre Zweckbestimmung nicht mehr vonnöten sein und es keine gesetzlichen Aufbewahrungsfristen geben, gelöscht. Falls eine Löschung nicht durchgeführt werden kann, da die Daten für zulässige gesetzliche Zwecke erforderlich sind, erfolgt eine Einschränkung der Datenverarbeitung. In diesem Fall werden die Daten gesperrt und nicht für andere Zwecke verarbeitet.</p>



<h4 class="wp-block-heading">Widerspruchsrecht</h4>



<p>Nutzer dieser Webseite können von ihrem Widerspruchsrecht Gebrauch machen und der Verarbeitung ihrer personenbezogenen Daten zu jeder Zeit widersprechen.</p>



<p>Wenn Sie eine Berichtigung, Sperrung, Löschung oder Auskunft über die zu Ihrer Person gespeicherten personenbezogenen Daten wünschen oder Fragen bzgl. der Erhebung, Verarbeitung oder Verwendung Ihrer personenbezogenen Daten haben oder erteilte Einwilligungen widerrufen möchten, wenden Sie sich bitte an folgende E-Mail-Adresse: info@sun-box.de</p>

<p>Grundlegendes Diese Datenschutzerklärung soll die Nutzer dieser Webseite über die Art, den Umfang und den Zweck der Erhebung und Verwendung personenbezogener Daten durch den Webseitenbetreiber Harald Brosi informieren. Der Webseitenbetreiber nimmt Ihren Datenschutz sehr ernst und behandelt Ihre personenbezogenen Daten vertraulich und entsprechend der gesetzlichen Vorschriften. Da durch neue Technologien und die ständige Weiterentwicklung dieser&#8230; <a class="more-link" href="https://www.plandaten.de/chronofiles/datenschutzerklaerung/">[&#8230;]</a></p>
